{"id":19429,"date":"2026-03-05T12:17:06","date_gmt":"2026-03-05T10:17:06","guid":{"rendered":"https:\/\/costasonada.es\/?post_type=rem_property&#038;p=19429"},"modified":"2026-03-13T11:43:51","modified_gmt":"2026-03-13T09:43:51","slug":"e-341-000-duplex-bajo-en-venta-3h2b-240m2-calpe","status":"publish","type":"rem_property","link":"https:\/\/costasonada.es\/index.php\/property\/e-341-000-duplex-bajo-en-venta-3h2b-240m2-calpe\/","title":{"rendered":"\u20ac 341 000, D\u00daPLEX BAJO EN VENTA, 3H2B, 240m2, CALPE"},"content":{"rendered":"<p>CSD19429CM<\/p>\n<p>Bajo d\u00faplex con jard\u00edn privado en Calpe \u2013 Perfecto para familias<\/p>\n<p>Impresionante bajo d\u00faplex en una de las zonas m\u00e1s solicitadas de Calpe, a pocos minutos del centro y de las playas. La vivienda se encuentra en perfecto estado y lista para entrar a vivir.<\/p>\n<p>Construido en 2005, cuenta con 100 m\u00b2 construidos (m\u00e1s un jard\u00edn privado de 140 m\u00b2) distribuidos en dos plantas. Ofrece 3 habitaciones con grandes armarios empotrados (algunos de pared a pared y de arriba abajo), 2 ba\u00f1os (uno con ducha y otro completo con ba\u00f1era), un amplio sal\u00f3n comedor y cocina totalmente equipada con vitrocer\u00e1mica, horno y campana extractora.<\/p>\n<p>La vivienda es exterior con orientaci\u00f3n este, lo que garantiza una agradable luz natural durante todo el d\u00eda. Desde sus estancias se disfrutan de vistas al jard\u00edn privado, a la terraza y a las zonas comunes de la urbanizaci\u00f3n (piscina, pista de p\u00e1del y parque infantil).<\/p>\n<p>Entre sus caracter\u00edsticas destacan suelos de m\u00e1rmol y cer\u00e1mica, puertas lacadas en blanco, aire acondicionado por conductos con bomba de calor en toda la vivienda, puerta de seguridad y videoportero. La urbanizaci\u00f3n dispone de piscina comunitaria para adultos y ni\u00f1os, pista de p\u00e1del, gimnasio, sauna y amplias zonas ajardinadas.<\/p>\n<p>El precio incluye una plaza de garaje y un trastero de 5 m\u00b2, con acceso directo en ascensor desde el rellano de la vivienda. El acceso a la vivienda est\u00e1 adaptado para personas con movilidad reducida.<\/p>\n<p>Certificado de eficiencia energ\u00e9tica en tr\u00e1mite. La vivienda se vende libre de inquilinos.<\/p>\n<p>Ubicada a 200 metros de la playa de Cala La Maruarena, con proximidad a colegios, restaurantes, centro de salud y el puerto deportivo Puerto Blanco. Con f\u00e1cil acceso a Benidorm (30 minutos) y al Aeropuerto de Alicante (50 minutos).<\/p>\n<p>Para m\u00e1s informaci\u00f3n o concertar una visita, no dude en contactarnos.<\/p>\n","protected":false},"excerpt":{"rendered":"<p>CSD19429CM Bajo d\u00faplex con jard\u00edn privado en Calpe \u2013 Perfecto para familias Impresionante bajo d\u00faplex en una de las zonas m\u00e1s solicitadas de Calpe, a pocos minutos del centro y de las playas. La vivienda se encuentra en perfecto estado y lista para entrar a vivir. Construido en 2005, cuenta con 100 m\u00b2 construidos (m\u00e1s un jard\u00edn privado de 140 m\u00b2) distribuidos en dos plantas. Ofrece 3 habitaciones con grandes armarios empotrados (algunos de pared a pared y de arriba abajo), 2 ba\u00f1os (uno con ducha y otro completo con ba\u00f1era), un amplio sal\u00f3n comedor y cocina totalmente equipada con vitrocer\u00e1mica, horno y campana extractora.<a class=\"more-link\" href=\"https:\/\/costasonada.es\/index.php\/property\/e-341-000-duplex-bajo-en-venta-3h2b-240m2-calpe\/\"><span>Read More &rarr;<\/span><\/a><\/p>\n","protected":false},"author":9,"featured_media":19431,"parent":0,"menu_order":0,"template":"","rem_property_cat":[64],"class_list":["entry","author-demian","post-19429","rem_property","type-rem_property","status-publish","has-post-thumbnail","rem_property_tag-calpe","rem_property_tag-costa-sonada","rem_property_tag-espana","rem_property_tag-inmobiliaria","rem_property_tag-sale","rem_property_tag-se-vende","rem_property_tag-sonada","rem_property_tag-vende","rem_property_tag-venta","rem_property_cat-calpe"],"aioseo_notices":[],"_links":{"self":[{"href":"https:\/\/costasonada.es\/index.php\/wp-json\/wp\/v2\/properties\/19429","targetHints":{"allow":["GET"]}}],"collection":[{"href":"https:\/\/costasonada.es\/index.php\/wp-json\/wp\/v2\/properties"}],"about":[{"href":"https:\/\/costasonada.es\/index.php\/wp-json\/wp\/v2\/types\/rem_property"}],"author":[{"embeddable":true,"href":"https:\/\/costasonada.es\/index.php\/wp-json\/wp\/v2\/users\/9"}],"wp:featuredmedia":[{"embeddable":true,"href":"https:\/\/costasonada.es\/index.php\/wp-json\/wp\/v2\/media\/19431"}],"wp:attachment":[{"href":"https:\/\/costasonada.es\/index.php\/wp-json\/wp\/v2\/media?parent=19429"}],"wp:term":[{"taxonomy":"rem_property_cat","embeddable":true,"href":"https:\/\/costasonada.es\/index.php\/wp-json\/wp\/v2\/rem_property_cat?post=19429"}],"curies":[{"name":"wp","href":"https:\/\/api.w.org\/{rel}","templated":true}]}}

€ 341 000, DÚPLEX BAJO EN VENTA, 3H2B, 240m2, CALPE

<p>CSD19429CM</p>
<p>Bajo dúplex con jardín privado en Calpe – Perfecto para familias</p>
<p>Impresionante bajo dúplex en una de las zonas más solicitadas de Calpe, a pocos minutos del centro y de las playas. La vivienda se encuentra en perfecto estado y lista para entrar a vivir.</p>
<p>Construido en 2005, cuenta con 100 m² construidos (más un jardín privado de 140 m²) distribuidos en dos plantas. Ofrece 3 habitaciones con grandes armarios empotrados (algunos de pared a pared y de arriba abajo), 2 baños (uno con ducha y otro completo con bañera), un amplio salón comedor y cocina totalmente equipada con vitrocerámica, horno y campana extractora.</p>
<p>La vivienda es exterior con orientación este, lo que garantiza una agradable luz natural durante todo el día. Desde sus estancias se disfrutan de vistas al jardín privado, a la terraza y a las zonas comunes de la urbanización (piscina, pista de pádel y parque infantil).</p>
<p>Entre sus características destacan suelos de mármol y cerámica, puertas lacadas en blanco, aire acondicionado por conductos con bomba de calor en toda la vivienda, puerta de seguridad y videoportero. La urbanización dispone de piscina comunitaria para adultos y niños, pista de pádel, gimnasio, sauna y amplias zonas ajardinadas.</p>
<p>El precio incluye una plaza de garaje y un trastero de 5 m², con acceso directo en ascensor desde el rellano de la vivienda. El acceso a la vivienda está adaptado para personas con movilidad reducida.</p>
<p>Certificado de eficiencia energética en trámite. La vivienda se vende libre de inquilinos.</p>
<p>Ubicada a 200 metros de la playa de Cala La Maruarena, con proximidad a colegios, restaurantes, centro de salud y el puerto deportivo Puerto Blanco. Con fácil acceso a Benidorm (30 minutos) y al Aeropuerto de Alicante (50 minutos).</p>
<p>Para más información o concertar una visita, no dude en contactarnos.</p>

<p>CSD19429CM Bajo dúplex con jardín privado en Calpe – Perfecto para familias Impresionante bajo dúplex en una de las zonas más solicitadas de Calpe, a pocos minutos del centro y de las playas. La vivienda se encuentra en perfecto estado y lista para entrar a vivir. Construido en 2005, cuenta con 100 m² construidos (más un jardín privado de 140 m²) distribuidos en dos plantas. Ofrece 3 habitaciones con grandes armarios empotrados (algunos de pared a pared y de arriba abajo), 2 baños (uno con ducha y otro completo con bañera), un amplio salón comedor y cocina totalmente equipada con vitrocerámica, horno y campana extractora.<a class="more-link" href="https://costasonada.es/index.php/property/e-341-000-duplex-bajo-en-venta-3h2b-240m2-calpe/"><span>Read More &rarr;</span></a></p>
