{"id":19525,"date":"2026-03-10T11:36:46","date_gmt":"2026-03-10T09:36:46","guid":{"rendered":"https:\/\/costasonada.es\/?post_type=rem_property&#038;p=19525"},"modified":"2026-03-13T11:39:43","modified_gmt":"2026-03-13T09:39:43","slug":"e-248-000-apartamento-1h1b-67m2-calpe","status":"publish","type":"rem_property","link":"https:\/\/costasonada.es\/index.php\/property\/e-248-000-apartamento-1h1b-67m2-calpe\/","title":{"rendered":"\u20ac 248 000 APARTAMENTO 1H1B 67m2 CALPE"},"content":{"rendered":"<p align=\"LEFT\"><span style=\"color: #f9fafb\"><span style=\"font-family: quote-cjk-patch, Inter, system-ui, apple-system, BlinkMacSystemFont, Segoe UI, Roboto, Oxygen, Ubuntu, Cantarell, Open Sans, Helvetica Neue, sans-serif\"><span style=\"font-size: medium\"><span style=\"color: #000000\">CSD19525CM <\/span><\/span><\/span><\/span><\/p>\n<p align=\"LEFT\"><span style=\"color: #f9fafb\"><span style=\"font-family: quote-cjk-patch, Inter, system-ui, apple-system, BlinkMacSystemFont, Segoe UI, Roboto, Oxygen, Ubuntu, Cantarell, Open Sans, Helvetica Neue, sans-serif\"><span style=\"font-size: medium\"><span style=\"color: #000000\">Apartamento con vistas al mar y la monta\u00f1a en Calpe<\/span><\/span><\/span><\/span><\/p>\n<p><span style=\"color: #000000\"><span style=\"font-family: quote-cjk-patch, Inter, system-ui, apple-system, BlinkMacSystemFont, Segoe UI, Roboto, Oxygen, Ubuntu, Cantarell, Open Sans, Helvetica Neue, sans-serif\"><span style=\"font-size: medium\">Encantador apartamento en la localidad de Calpe, situado en una s\u00e9ptima planta con ascensor. La vivienda se encuentra en buen estado y lista para entrar a vivir.<\/span><\/span><\/span><\/p>\n<p><span style=\"color: #000000\"><span style=\"font-family: quote-cjk-patch, Inter, system-ui, apple-system, BlinkMacSystemFont, Segoe UI, Roboto, Oxygen, Ubuntu, Cantarell, Open Sans, Helvetica Neue, sans-serif\"><span style=\"font-size: medium\">Construido en 2007, tiene 67 m\u00b2 construidos distribuidos en una sola planta. Cuenta con 1 habitaci\u00f3n con armarios empotrados, 1 ba\u00f1o, sal\u00f3n comedor y cocina equipada con lavander\u00eda.<\/span><\/span><\/span><\/p>\n<p><span style=\"color: #000000\"><span style=\"font-family: quote-cjk-patch, Inter, system-ui, apple-system, BlinkMacSystemFont, Segoe UI, Roboto, Oxygen, Ubuntu, Cantarell, Open Sans, Helvetica Neue, sans-serif\"><span style=\"font-size: medium\">Es exterior con orientaci\u00f3n este, lo que garantiza luz natural durante gran parte del d\u00eda. Desde sus estancias se disfrutan de vistas al mar y a la monta\u00f1a.<\/span><\/span><\/span><\/p>\n<p><span style=\"color: #000000\"><span style=\"font-family: quote-cjk-patch, Inter, system-ui, apple-system, BlinkMacSystemFont, Segoe UI, Roboto, Oxygen, Ubuntu, Cantarell, Open Sans, Helvetica Neue, sans-serif\"><span style=\"font-size: medium\">La propiedad dispone de piscina comunitaria. No tiene terraza ni balc\u00f3n. No dispone de calefacci\u00f3n ni aire acondicionado.<\/span><\/span><\/span><\/p>\n<p><span style=\"color: #000000\"><span style=\"font-family: quote-cjk-patch, Inter, system-ui, apple-system, BlinkMacSystemFont, Segoe UI, Roboto, Oxygen, Ubuntu, Cantarell, Open Sans, Helvetica Neue, sans-serif\"><span style=\"font-size: medium\">La vivienda est\u00e1 semi amueblada, est\u00e1 adaptada para personas con movilidad reducida (accesos exteriores, pasillos y puertas), dispone de acceso exterior adaptado con rampas y admite mascotas.<\/span><\/span><\/span><\/p>\n<p align=\"LEFT\"><span style=\"color: #000000\"><span style=\"font-family: Calibri\"><span style=\"font-size: small\"><span style=\"font-family: quote-cjk-patch, Inter, system-ui, apple-system, BlinkMacSystemFont, Segoe UI, Roboto, Oxygen, Ubuntu, Cantarell, Open Sans, Helvetica Neue, sans-serif\"><span style=\"font-size: medium\">Para m\u00e1s informaci\u00f3n o concertar una visita, no dude en contactarnos.<\/span><\/span> <\/span><\/span><\/span><\/p>\n","protected":false},"excerpt":{"rendered":"<p>CSD19525CM Apartamento con vistas al mar y la monta\u00f1a en Calpe Encantador apartamento en la localidad de Calpe, situado en una s\u00e9ptima planta con ascensor. La vivienda se encuentra en buen estado y lista para entrar a vivir. Construido en 2007, tiene 67 m\u00b2 construidos distribuidos en una sola planta. Cuenta con 1 habitaci\u00f3n con armarios empotrados, 1 ba\u00f1o, sal\u00f3n comedor y cocina equipada con lavander\u00eda. Es exterior con orientaci\u00f3n este, lo que garantiza luz natural durante gran parte del d\u00eda. Desde sus estancias se disfrutan de vistas al mar y a la monta\u00f1a. La propiedad dispone de piscina comunitaria. No tiene terraza ni balc\u00f3n.<a class=\"more-link\" href=\"https:\/\/costasonada.es\/index.php\/property\/e-248-000-apartamento-1h1b-67m2-calpe\/\"><span>Read More &rarr;<\/span><\/a><\/p>\n","protected":false},"author":9,"featured_media":19527,"parent":0,"menu_order":0,"template":"","rem_property_cat":[64],"class_list":["entry","author-demian","post-19525","rem_property","type-rem_property","status-publish","has-post-thumbnail","rem_property_tag-apartamento","rem_property_tag-calpe","rem_property_tag-con-las-vistas","rem_property_tag-costa-sonada","rem_property_tag-espana","rem_property_tag-inmobiliaria","rem_property_tag-se-vende","rem_property_tag-venta","rem_property_tag-vista-al-mar","rem_property_cat-calpe"],"aioseo_notices":[],"_links":{"self":[{"href":"https:\/\/costasonada.es\/index.php\/wp-json\/wp\/v2\/properties\/19525","targetHints":{"allow":["GET"]}}],"collection":[{"href":"https:\/\/costasonada.es\/index.php\/wp-json\/wp\/v2\/properties"}],"about":[{"href":"https:\/\/costasonada.es\/index.php\/wp-json\/wp\/v2\/types\/rem_property"}],"author":[{"embeddable":true,"href":"https:\/\/costasonada.es\/index.php\/wp-json\/wp\/v2\/users\/9"}],"wp:featuredmedia":[{"embeddable":true,"href":"https:\/\/costasonada.es\/index.php\/wp-json\/wp\/v2\/media\/19527"}],"wp:attachment":[{"href":"https:\/\/costasonada.es\/index.php\/wp-json\/wp\/v2\/media?parent=19525"}],"wp:term":[{"taxonomy":"rem_property_cat","embeddable":true,"href":"https:\/\/costasonada.es\/index.php\/wp-json\/wp\/v2\/rem_property_cat?post=19525"}],"curies":[{"name":"wp","href":"https:\/\/api.w.org\/{rel}","templated":true}]}}

<p align="LEFT"><span style="color: #f9fafb"><span style="font-family: quote-cjk-patch, Inter, system-ui, apple-system, BlinkMacSystemFont, Segoe UI, Roboto, Oxygen, Ubuntu, Cantarell, Open Sans, Helvetica Neue, sans-serif"><span style="font-size: medium"><span style="color: #000000">CSD19525CM </span></span></span></span></p>
<p align="LEFT"><span style="color: #f9fafb"><span style="font-family: quote-cjk-patch, Inter, system-ui, apple-system, BlinkMacSystemFont, Segoe UI, Roboto, Oxygen, Ubuntu, Cantarell, Open Sans, Helvetica Neue, sans-serif"><span style="font-size: medium"><span style="color: #000000">Apartamento con vistas al mar y la montaña en Calpe</span></span></span></span></p>
<p><span style="color: #000000"><span style="font-family: quote-cjk-patch, Inter, system-ui, apple-system, BlinkMacSystemFont, Segoe UI, Roboto, Oxygen, Ubuntu, Cantarell, Open Sans, Helvetica Neue, sans-serif"><span style="font-size: medium">Encantador apartamento en la localidad de Calpe, situado en una séptima planta con ascensor. La vivienda se encuentra en buen estado y lista para entrar a vivir.</span></span></span></p>
<p><span style="color: #000000"><span style="font-family: quote-cjk-patch, Inter, system-ui, apple-system, BlinkMacSystemFont, Segoe UI, Roboto, Oxygen, Ubuntu, Cantarell, Open Sans, Helvetica Neue, sans-serif"><span style="font-size: medium">Construido en 2007, tiene 67 m² construidos distribuidos en una sola planta. Cuenta con 1 habitación con armarios empotrados, 1 baño, salón comedor y cocina equipada con lavandería.</span></span></span></p>
<p><span style="color: #000000"><span style="font-family: quote-cjk-patch, Inter, system-ui, apple-system, BlinkMacSystemFont, Segoe UI, Roboto, Oxygen, Ubuntu, Cantarell, Open Sans, Helvetica Neue, sans-serif"><span style="font-size: medium">Es exterior con orientación este, lo que garantiza luz natural durante gran parte del día. Desde sus estancias se disfrutan de vistas al mar y a la montaña.</span></span></span></p>
<p><span style="color: #000000"><span style="font-family: quote-cjk-patch, Inter, system-ui, apple-system, BlinkMacSystemFont, Segoe UI, Roboto, Oxygen, Ubuntu, Cantarell, Open Sans, Helvetica Neue, sans-serif"><span style="font-size: medium">La propiedad dispone de piscina comunitaria. No tiene terraza ni balcón. No dispone de calefacción ni aire acondicionado.</span></span></span></p>
<p><span style="color: #000000"><span style="font-family: quote-cjk-patch, Inter, system-ui, apple-system, BlinkMacSystemFont, Segoe UI, Roboto, Oxygen, Ubuntu, Cantarell, Open Sans, Helvetica Neue, sans-serif"><span style="font-size: medium">La vivienda está semi amueblada, está adaptada para personas con movilidad reducida (accesos exteriores, pasillos y puertas), dispone de acceso exterior adaptado con rampas y admite mascotas.</span></span></span></p>
<p align="LEFT"><span style="color: #000000"><span style="font-family: Calibri"><span style="font-size: small"><span style="font-family: quote-cjk-patch, Inter, system-ui, apple-system, BlinkMacSystemFont, Segoe UI, Roboto, Oxygen, Ubuntu, Cantarell, Open Sans, Helvetica Neue, sans-serif"><span style="font-size: medium">Para más información o concertar una visita, no dude en contactarnos.</span></span> </span></span></span></p>

<p>CSD19525CM Apartamento con vistas al mar y la montaña en Calpe Encantador apartamento en la localidad de Calpe, situado en una séptima planta con ascensor. La vivienda se encuentra en buen estado y lista para entrar a vivir. Construido en 2007, tiene 67 m² construidos distribuidos en una sola planta. Cuenta con 1 habitación con armarios empotrados, 1 baño, salón comedor y cocina equipada con lavandería. Es exterior con orientación este, lo que garantiza luz natural durante gran parte del día. Desde sus estancias se disfrutan de vistas al mar y a la montaña. La propiedad dispone de piscina comunitaria. No tiene terraza ni balcón.<a class="more-link" href="https://costasonada.es/index.php/property/e-248-000-apartamento-1h1b-67m2-calpe/"><span>Read More &rarr;</span></a></p>
